 (-26460)/114?
2
Let k(n) = 0 + 19*n + 18*n + 6*n**2 - 24 - 28*n. What is the tens digit of k(9)?
4
Suppose c = 4*w - 2122, 515 = 5*w - 3*c - 2134. Let p = 979 - w. Suppose -3*r - m + 665 = 0, -4*m + p = 2*r - m. What is the hundreds digit of r?
2
Let u(g) be the first derivative of -5*g - 2/3*g**3 - 20 + 0*g**2 + 1/4*g**4. What is the tens digit of u(4)?
2
Let s be (-48512)/(-3) + 0 - (-916)/(-1374). Suppose 43*t = 13*t + s. What is the hundreds digit of t?
5
Let b(l) = 400*l**3 + 2*l**2 - 1. Let k = 35 - 34. Let r be b(k). Suppose 191 = 8*p - r. What is the units digit of p?
4
Let c = -437 + 626. Let v = 380 + c. What is the tens digit of v?
6
Let b(s) = 1225*s + 742. Let l(j) = 51*j + 31. Let r(i) = -2*b(i) + 49*l(i). Let c be r(11). Suppose 4*k + 110 - c = 0. What is the tens digit of k?
1
Let p(a) = 1836*a - 3972. What is the tens digit of p(20)?
4
Suppose 8073 = 4*j + 5*j. Let g = -371 + j. What is the hundreds digit of g?
5
Let n(l) = -4 - l**2 + 4*l**2 + 7 + l. Let j be n(2). Suppose 24*o - 273 = j*o. What is the tens digit of o?
3
Suppose -3*p = -p + 3*h - 43, -5*h = -4*p + 75. Let z(i) = -i**2 - 25*i - 30. Let x be z(-12). Let c = x - p. What is the units digit of c?
6
Suppose 10*o - 8 = 2*o. What is the tens digit of o/2 - (-14210)/28?
0
Let c be ((-93)/9)/(3/(-306)). Let w = c - -346. What is the thousands digit of w?
1
What is the thousands digit of (-349384)/(-10) - (-176)/(-440)?
4
Suppose 4*c + 4960 = 4*q, 0 = 2*q - 30*c + 6*c - 2590. What is the thousands digit of q?
1
Let c(f) = 23*f**2 + 2*f + 113. Let j(i) = 27*i**2 + 3*i + 114. Let g(b) = 4*c(b) - 3*j(b). What is the thousands digit of g(10)?
1
Let b = -24699 + 37025. What is the units digit of b?
6
Suppose -v = 5*v - 312. Let g = -48 + v. Suppose -3*z - 12 = 0, -o - 5 = 3*z + g. What is the units digit of o?
3
Let q(v) = 3*v**2 + 164*v + 1735. What is the thousands digit of q(-140)?
7
Let h(j) = 3898*j + 7. Let u be h(2). What is the hundreds digit of 1/4*-3 - u/(-36)?
2
What is the thousands digit of 27645 + 24 + (-40)/(8 + -4)?
7
Let o(r) = 1410*r**3 + 2*r - 1. Let b be o(1). Let a = b - 787. What is the hundreds digit of a?
6
Suppose 342 = -66*r + 57*r. Let t(g) = -24*g + 321. What is the tens digit of t(r)?
3
Let m(a) = 75*a - 8. Let g be m(4). Let z be (12/(-8) - -2)*1*g. What is the hundreds digit of (15/(-10))/(6/8) + z?
1
Let u = 5307 - 2997. Suppose -3*m - u = -13*m. What is the units digit of m?
1
Let k(z) = 2*z**3 + 6*z**3 - 21*z**3 - 14*z**2 - 17*z**3 - 21*z + 4 + 2*z**2. What is the hundreds digit of k(-2)?
2
Let a = 4665 - -18172. What is the hundreds digit of a?
8
Let z = -8910 + 26992. What is the units digit of z?
2
Let r(c) = -476*c - 16. Let p be r(-2). Let z = p - 503. What is the hundreds digit of z?
4
Let j = -13188 + 19112. What is the units digit of j?
4
Let w(d) = 19*d**2 - 4. Let k(a) = 2*a**2 - 7*a - 7. Let o be k(0). What is the hundreds digit of w(o)?
9
Let s = -1 + 4. Suppose -4*a - s*z = -284, -2*z = -5*a + 6*a - 76. Suppose 2*n - 10 = 0, 5*n + a = -3*t + 4*t. What is the tens digit of t?
9
Suppose 417*y = 832*y - 420*y + 336940. What is the units digit of y?
8
Let a = 69073 + 847. What is the hundreds digit of a?
9
Let v = 82 + 172. Let k = v - 56. What is the units digit of k?
8
Let d(f) = -f**3 + 74*f**2 + 15*f - 76. What is the hundreds digit of d(17)?
6
Suppose -5*z + 41 = 3*x - 1, 0 = 3*z - 3*x - 6. Let n(t) = 47*t**2 + 10*t - 113. What is the tens digit of n(z)?
3
Suppose -5143*l = -5139*l - 47380. What is the thousands digit of l?
1
Suppose -4*d = 3*d + 7. Let f be d*1*(-8 + 1). Suppose -2*g - 165 = -f*g. What is the tens digit of g?
3
What is the units digit of 1 + 4832 + 432/(-54)?
5
Suppose 169921 = 53*r + 31167. What is the hundreds digit of r?
6
Let y = 117 - 104. Let v(k) = 37*k + 7. What is the hundreds digit of v(y)?
4
Let z(i) = -i**3 - 8*i**2 - 4*i + 13. Let f be z(-7). Let g(q) = -19*q - 13. Let m be g(f). Suppose -l + m = -100. What is the hundreds digit of l?
2
Let q(g) = 18*g - 13. Suppose -2*m + 2*y - 5*y + 5 = 0, -4*m + 5*y - 23 = 0. Let x be m - (4/2 + -8). What is the units digit of q(x)?
9
Let o = 446 - -2615. What is the tens digit of o?
6
Let w = -67 + 66. Let y(c) = -13*c + 6. Let p be y(w). What is the tens digit of (-1)/(p/20 - 1)?
2
Let z(x) = -x**2 + 4. Let b be (3/(-9))/(-3 - (-76)/24). Let c be z(b). Suppose 3 = 5*o - 3*l - 124, o - 3*l - 35 = c. What is the tens digit of o?
2
Let p = 3 + 0. Let o = 293 - -1237. Suppose -p*g = -13*g + o. What is the units digit of g?
3
What is the hundreds digit of (-1767062)/(-403) - 9/(-39)?
3
Let c(f) = -27*f + 1083. What is the tens digit of c(32)?
1
Let b(r) = r**3 - 14*r**2 + 27*r + 10. Let i = -22 + 34. What is the units digit of b(i)?
6
Let d = -374 - -2494. Let z = d + -1224. What is the tens digit of z?
9
Suppose -f + 24*f = 0. Suppose 5*a + 147 - 312 = f. What is the units digit of a?
3
Suppose -2*v + n = 1 - 21, n + 30 = 3*v. Let s be (-20)/(-50) - (-36)/v. Suppose -6*j + 240 = -s*j. What is the tens digit of j?
2
Let h = -10152 + 13652. What is the tens digit of h?
0
Let y = -229 + 215. What is the units digit of 2 - (175102/(-406) + (-4)/y)?
3
Suppose -2*w = -5*w + 3, 0 = -5*h - 3*w + 13. Suppose -h*u = -6*u. Suppose u = -3*s + 12*s - 630. What is the units digit of s?
0
Suppose 4*j = 2*c - 14686, -4*c - 3*j + 17156 = -12194. What is the units digit of c?
9
Let u(q) = q**3 + 6*q**2 - 8*q + 1. Let n(x) = -10*x + 24. Let k be n(-8). Let a = k - 111. What is the units digit of u(a)?
8
Let z = 11146 - 2194. What is the units digit of z?
2
Let t(m) be the second derivative of m**4/12 + 25*m**3/6 - 25*m**2 + 146*m. What is the hundreds digit of t(18)?
7
Let y = -569 - 16. What is the hundreds digit of 9*(-10)/(-15) - y?
5
Suppose -434 = -5*d - 5*w + 536, 4*d - w - 761 = 0. Let o = -223 + 148. Let b = d + o. What is the hundreds digit of b?
1
Let c be 2/3*(-156)/(-8). Let f = 17 - c. Suppose 36 = 2*m - f. What is the units digit of m?
0
Suppose 4*i + 2 = 2*a - 52, -5*i - 58 = -2*a. Let f = 54 - a. Let n = f + 43. What is the units digit of n?
8
What is the units digit of (-85 - -2)*(-215 + -45 + 23)?
1
Suppose 0 = 61*w - 58*w - 60. Suppose 3*s - 63 = 6*s. Let g = w - s. What is the units digit of g?
1
Let d(t) = 16*t - 7. Let r be d(-5). Let h be 339/4*(-4 + 176/33). Let n = h + r. What is the tens digit of n?
2
Let o(z) = z**3 + 80*z**2 - 48*z - 260. What is the hundreds digit of o(-79)?
7
Let v = -1062 - -718. Let d = 477 + v. What is the units digit of d?
3
Let u be (64/(-3))/(-2 + 133/63). Let w = u - -1296. What is the tens digit of w?
0
Suppose 124*y - 123*y = 11258. What is the ten thousands digit of y?
1
Suppose 183*g - 185*g = -12888. What is the units digit of g?
4
Let i = 2915 - 2685. What is the tens digit of i?
3
Let x(m) = -202*m**2 - m - 4. Let r be x(3). Let l be ((r/10)/(-5))/(2/4). Suppose -67 = -3*f + 3*z - 5*z, -4*z - l = -3*f. What is the tens digit of f?
2
Let n(o) = o**3 - 2*o**2 - 2*o + 3. Let v be n(3). Suppose 20*a - 23*a + v = 0. Suppose -9*k + 1183 = -a*k. What is the units digit of k?
9
Suppose c - 3 = -0*c, 3*d + 951 = 5*c. Suppose 2*m + 4*g + 302 = -120, -m - 3*g - 211 = 0. Let x = m - d. What is the units digit of x?
1
Let d(t) = 31*t + 54. Let s(p) = 32*p + 53. Let x(g) = 7*d(g) - 6*s(g). What is the hundreds digit of x(11)?
3
Let g be (42/(-2))/((-138)/(-92)). What is the hundreds digit of 2 + (-12606)/g + 9/(-21)?
9
What is the thousands digit of (-14)/2 - 8/(-32)*107224?
6
Let z(a) = -5447*a - 206. What is the tens digit of z(-3)?
3
Let t(n) = 6*n**2 - 66*n - 301. What is the tens digit of t(-52)?
5
Let s(v) = -v**3 + 38*v**2 + 25*v + 315. What is the units digit of s(32)?
9
Suppose -3*t - a + 142411 = -82773, -120 = 15*a. What is the units digit of t?
4
Suppose 3*x - 3*b = 0, 0 = -x + 4*b + 1 - 10. Suppose x*h - 70 - 431 = 0. Let c = h - -86. What is the units digit of c?
3
Let t be (15 - 12)*(-319)/(-3). Let s = t - 226. Suppose -s = -g + 54. What is the hundreds digit of g?
1
Let g = -1511 + 11929. What is the hundreds digit of g?
4
Let m = -101 + 105. Suppose 2 + 1 = -t + 5*w, -w + 9 = 4*t. Suppose -4*o + t*j + 3*j = -936, m*j - 16 = 0. What is the units digit of o?
9
Let l be 12/(-5)*(1 - (-21)/(-6)). Suppose -5*f = m - 